 = -27 - -18. Let n be 20/(-60)*(w - 0). Let z(x) = 2*x**2 - x - 1. Calculate z(n).
14
Let l(i) = -i**3 + 5*i**2 - 2*i + 3. Suppose 0 = 4*f + v + 1, -5*v + 11 = -4. Let m be (f/3)/(2/(-30)). Give l(m).
-7
Suppose 3*h + 15 = -0*o - 4*o, -3*h = 15. Suppose -2*p + 4*a + 6 = -p, 1 = -a. Let m(t) = -5*t - t**2 + t + p + o*t. Calculate m(-5).
-3
Let u(r) = -2*r - 9 + 9 + 4 - r**3 + 0*r**3 - 34. Calculate u(0).
-30
Let q(d) be the second derivative of -2*d**5/5 - d**4/12 + d**2/2 + d - 18. Give q(1).
-8
Let y be (-2)/(-8) + 35/20. Suppose -2*k = r - 7 - 1, -3*r = 4*k - 18. Let l(z) = -k*z + 3*z - 5*z - 3 - z**3 - 2 - 6*z**y. Give l(-5).
-5
Let c(v) = 3 + 0 - v + v**2 - 1 + 0*v + 4*v. Calculate c(-4).
6
Let w(z) = z**2 - z. Suppose -34*s + 42 + 60 = 0. Give w(s).
6
Let m(k) = 2*k**2 + 3. Let h(g) = 4*g**2 - g + 6. Suppose 0*q - 3*q = -15. Suppose -3*n = -11 + q. Let s(i) = n*h(i) - 5*m(i). Calculate s(-2).
-7
Let k(b) = -2*b + 2. Suppose -n + 3 = -4*l, 23 = 3*n + 5*l - 10*l. Determine k(n).
-20
Let p(x) be the second derivative of 0 - 1/6*x**3 - 4*x**2 + 5*x. What is p(0)?
-8
Let t(a) = -a**3 - 6*a**2 + 2*a + 3. Let v(s) = -s**2 - 17*s + 132. Let f be v(-23). Determine t(f).
-9
Let s(l) = -2*l. Let x be s(-4). Let r be 4/(4/2) + 5/1. Let j(z) = 7 + z - r*z - 2*z + 7*z. Determine j(x).
-1
Let g(o) = o**3 - o**2 + o + 2. Suppose 3*s + 19 = b, 3*b + s = 4*b - 11. Suppose -q - 2*q = -n - b, q + 3 = -n. Let a be 2 + q/(-1) - -1. What is g(a)?
8
Suppose -x - 2*z = -2, -3*x - 5*z + 6 = -0*x. Let d(c) be the first derivative of -3/2*c**x + c + 7. Determine d(3).
-8
Let b(r) = -r**2 - 20*r + 345. Let h be b(-31). Let g(a) = a + 2. Calculate g(h).
6
Let u(p) = -p**3 - 10*p**2 - 12*p + 11. Suppose 4 = 2*b, 35*b + 13 = -h + 37*b. What is u(h)?
38
Let v(q) = 0*q + 4*q + 2*q**3 - 20*q**2 - 49 - 54 + 64. What is v(10)?
1
Let w(n) = -n**2 + 12*n + 87. Let u be w(17). Let h(b) = -2*b**3 + 3*b**2 - 2*b + 2. Determine h(u).
-6
Let m(o) = 306 - 310 - 3*o + 0*o. What is m(-1)?
-1
Let t = -218 - -215. Let b(g) = 7*g - 3. Give b(t).
-24
Suppose -1 = -4*n - 9. Let s be (-22 - -21) + 8/n. Let z(g) = g**3 + 4*g**2 - 6*g - 6. Determine z(s).
-1
Let j(u) = u**3 - 4*u**2 - u + 1. Suppose 125 = -44*q - 7. Calculate j(q).
-59
Let o(j) = j. Let w(s) = s**3 - s**2 - 1. Let n(i) = o(i) - 2*w(i). Let p be (-28)/21*18/(-12). Give n(p).
-4
Let p = 35 + -31. Let d(b) = 5*b**3 - 8*b**2 - 9*b + 7. Let l(x) = -x**3 + x**2 + x - 1. Let a(f) = p*l(f) + d(f). Determine a(5).
3
Let s(m) be the first derivative of m**4/4 - 3*m**3 + 3*m**2 + 2*m - 287. What is s(8)?
-14
Let a(p) be the second derivative of p**8/6720 - p**7/504 - p**6/144 - p**5/30 + 3*p**4/2 - 13*p. Let h(v) be the third derivative of a(v). Determine h(6).
2
Let g(r) be the second derivative of -r**3/6 + r**2/2 + 4*r + 1600. Suppose -5 = -l - 2. Calculate g(l).
-2
Let d(o) = 4*o. Let c be d(1). Let s(y) = 2*y - 12 + 16 - y + 2*y - 5*y. Let z be s(c). Let n(v) = 2*v + 1. What is n(z)?
-7
Let m(x) = 2*x**3 - 2*x + 12*x**2 - x**3 + 7*x**2 + 10*x**2 + 7 - 35*x**2. Determine m(7).
42
Let j = 2459 + -2453. Let u(v) = v**3 - 5*v**2 - 6*v - 6. What is u(j)?
-6
Let j(u) = u**3 - 6*u**2 - 4*u + 5. Let s = -60 + 60. Suppose s*o = 5*o - 30. Give j(o).
-19
Let z(h) = h**3 + h**2 - h. Let o(q) = 2*q**3 + 7*q**2 + q - 2. Let v(c) = o(c) - 4*z(c). Let y = 2246 + -2243. Calculate v(y).
-14
Let s = 1212 - 1212. Let u(w) = -w + 16. What is u(s)?
16
Suppose 4*z - 311 + 343 = 0. Let u(p) = p + 8. What is u(z)?
0
Let b(t) = -t - 1. Suppose a + 2*a = 138. Let u = 50 - a. Determine b(u).
-5
Let a(f) = f**2 + 1. Suppose -4*j + 25 = -9*j. Let l(w) = -6*w**2 - 6*w - 3. Let g(y) = j*a(y) - l(y). Let p = -18 + 13. Determine g(p).
-7
Let w(s) be the first derivative of -s**4/4 + s**3/3 + 3*s**2 - 2*s + 7. Calculate w(4).
-26
Let h(n) be the second derivative of -n**3/3 + 3*n**2/2 + 90*n. Give h(8).
-13
Let k(n) = n**3 + 7*n**2 - 2*n + 6. Let s = -982 + 975. What is k(s)?
20
Let q(p) = 6*p**3 + 2*p - 1. Let k = -31 + 34. Let w be (-378)/k*1/(-2). Let g be w/84 + 2/8. What is q(g)?
7
Let z(m) = 2*m + 0*m**3 + 9*m - 21*m - 194*m**2 + 187*m**2 + m**3. Suppose 4*c = 29 + 3. Calculate z(c).
-16
Let q(g) be the first derivative of -g**2/2 + g - 11. Let d(i) = i - 5. Let l(x) = -d(x) - 2*q(x). What is l(-6)?
-3
Let m(y) be the first derivative of 1/2*y**2 - 15 - 2*y. Let w = 1 - 4. Determine m(w).
-5
Let b(a) = -3*a - 827 - 2*a**2 + 3*a**2 + 825. Calculate b(-3).
16
Let m = 24 + -20. Suppose r = m*r. Suppose r = 2*b + 3 - 7. Let i(v) = -5*v + 3. Determine i(b).
-7
Let w = -93 + 97. Let v(b) = 2*b**2 - 7*b + 3. Give v(w).
7
Let a = -20 - -22. Let u = -3 - -6. Let h(l) = -2*l - u*l + 3*l. Determine h(a).
-4
Let a(i) be the second derivative of -i**3/3 - 5*i**2/2 + 2*i. Suppose -5*k + 7*l - 103 = 3*l, -3*l - 13 = k. Let n = 15 + k. What is a(n)?
3
Let w = -78 + 74. Let p(f) = -2*f + 3. What is p(w)?
11
Let v = 3 + -1. Suppose 2*q + 8 = v*p - q, -5*p - 4*q = -20. Suppose -p = 28*w - 29*w. Let s(d) = 2*d - 5. Calculate s(w).
3
Let k = -31 - -35. Suppose 0 = 4*z - z. Let x(d) = k*d + z + 5 - 3 - 8*d. Calculate x(-3).
14
Suppose 2*f + 11*f = 143. Let k(r) = r**3 - 9*r**2 + f + 3*r**3 - 3*r**3 + 6*r. Give k(8).
-5
Let c(b) = -b**2 + 15 + 4*b - 8 - 2 - 2. Give c(-3).
-18
Let v(n) be the third derivative of n**4/24 + 7*n**3/2 + 96*n**2 + 3. Give v(-6).
15
Let x(l) be the first derivative of 6*l + 18 - 1/2*l**2. Give x(5).
1
Let s(p) be the first derivative of -p**2 + 21*p + 85. Give s(15).
-9
Let z(d) be the first derivative of d**4/4 + 5*d**3/3 + 3*d**2/2 + 14. Suppose 4*k + 11 = -t, 0 = -2*k + 5*t + 5 + 6. Calculate z(k).
6
Let o(x) be the third derivative of x**4/24 + 2*x**3/3 - 38*x**2. Suppose 0 = -5*u + s + 11, u + 7*s = 2*s + 23. Give o(u).
7
Let y(i) = -2*i + 6. Suppose -4*w + 48 - 16 = 0. Let v(u) = -5*u + 18. Let m(z) = w*y(z) - 3*v(z). What is m(-5)?
-1
Let z(a) = -2*a - 2. Let o be z(-3). Let y(g) = g**3 + 0*g**3 - g + 2 + 4*g**2 - o*g + 4*g. Let c be (0 - -4)*(-1 - 0). Calculate y(c).
6
Let l(o) be the third derivative of -o**8/6720 - o**7/420 - 2*o**4/3 - 10*o**2. Let i(q) be the second derivative of l(q). What is i(-6)?
0
Let h(s) = 5*s - 18. Let l be h(4). Let v be -3 - -2 - (1 - 10). Let a(c) = -3*c**l + 0 - 4 - v + 2*c**2. Calculate a(0).
-12
Let h(o) = 2*o - 1 + 2 - 2. Suppose 25*s - 22*s + 24 = -2*b, 0 = 2*s - 4*b. Determine h(s).
-13
Let m(t) be the third derivative of t**5/60 + t**4/4 + t**3/3 - 243*t**2. Suppose l + 2 = -2. What is m(l)?
-6
Suppose -5*v - 6*g = -4*g + 26, -2*g - 20 = 4*v. Let o(c) = 2 + c**2 - c**2 + 8*c + c**2. What is o(v)?
-10
Let c(b) = -2*b - 2 - 5 + 11 + b. What is c(6)?
-2
Let o(m) = m - 4. Suppose -7*l - 139 = 351. Let s = 74 + l. Determine o(s).
0
Let y(g) = -2*g + g**3 + 2 + 2 - 4*g**2 + g**2. Suppose 16*o - 9 = 15*o. Suppose -2*s + 2*n + 3 + 7 = 0, o = 3*s + 3*n. Calculate y(s).
12
Suppose 5*p + 1556 - 1461 = 0. Let h(n) = n**2 + 21*n + 38. Determine h(p).
0
Let h(z) = -z**3 + 7*z**2 - 4*z - 5. Let v(q) be the third derivative of -q**6/120 - q**5/30 + q**4/8 + q**3 - 41*q**2. Let d be v(-3). Calculate h(d).
7
Let p(g) = g**2 - 5*g - 5. Let t(d) = d**2 - 6*d - 6. Let y(i) = 4*p(i) - 3*t(i). Let f(n) = -25*n - 2 + 8*n + 8*n + 12*n. Let c be f(2). Give y(c).
6
Let a(v) = -11*v + 53. Let m(t) = -9*t + 46. Let r(p) = -6*a(p) + 7*m(p). Give r(2).
10
Let a(x) = -33 - x + 28 - x**2 + 6. Calculate a(3).
-11
Let u(h) = -h + 29. Suppose -2*j - z + 43 = 0, -100*z + 85 = 4*j - 99*z. Calculate u(j).
8
Let b = 7 - -12. Let k = -18 + b. Let d be 36/(-24)*(-1 - k). Let u(h) = -4*h + 1. Calculate u(d).
-11
Let t(a) be the second derivative of a**3/3 + 3*a**2 - 5*a. Let g(z) = 3*z + 0*z - 6 - 2*z. Let y be g(0). Calculate t(y).
-6
Let c(x) be the third derivative of -x**6/120 - 7*x**5/60 - 3*x**4/8 - 5*x**3/3 - 5*x**2. Determine c(-6).
8
Let h = 285 + -279. Let u(i) = -2*i + 2 + 5*i + 5 - i**2. What is u(h)?
-11
Let c(w) be the second derivative of w**3/6 - 3*w**2/2 + 6*w + 24. Give c(3).
0
Let w(c) = -c**2 + 2*c + 32. Let v be w(0). Suppose 0 = -13*a - v - 20. Let q(x) = x**3 + 3*x**2 - x + 1. Determine q(a).
-11
Let y(h) = -23*h + 238. Let j be y(10). Let a(p) = -p**2 + 2*p + 14. Give a(j).
-34
Let t(i) = i**2 + 3*i + 2. Let k(b) = -2*b + 